hest common factor of 15 and w?
5
Let b(s) = -3*s**3 - 15*s**2 + 6*s + 1. Let c be b(-7). Calculate the greatest common factor of 161 and c.
23
Let g be (2 - (-1)/2)*(-3024)/(-140). Calculate the highest common divisor of g and 9.
9
Let v(c) = -3*c + 2. Let f be v(-3). Suppose 0 = -13*r + 16*r + 9, -36 = -3*y + r. Calculate the highest common factor of y and f.
11
Let b(d) = 21*d - 51. Let y = 23 + -8. Let m be b(y). Calculate the highest common divisor of m and 33.
33
Suppose 0 = 2*z - 3*h - 26, z - 2*h = -32 + 43. Calculate the highest common divisor of z and 779.
19
Let b(f) = 6*f**2 - 4*f + 4. Let i be b(1). Suppose 9*r - 261 = i*r. What is the highest common factor of 29 and r?
29
Let j = 298 + -135. Suppose 0 = 5*g - j - 92. Let l = -5 + 39. What is the greatest common factor of l and g?
17
Let j be (3 - (11 - 27))/1. What is the greatest common divisor of j and 3?
1
Let x(u) = -u + 28. Let t(h) = h + 1. Let f(y) = -6*t(y) + x(y). Let c be f(-6). Suppose 32 - 112 = -5*o. What is the highest common factor of c and o?
16
Let q(m) = 39*m - 21. Let w be q(3). Calculate the greatest common divisor of 168 and w.
24
Suppose 5*a - 28 = -3*u, -4*a = -u - 22 - 14. Suppose -a*b + 6*b = 4. Let d = b - -21. Calculate the highest common factor of 133 and d.
19
Let p = 65 + 1273. Let b be (-15)/(-20) + p/8. Suppose 0 = -5*g - 3*v + 93, 1 = g + v + 4*v. What is the greatest common divisor of b and g?
21
Let d be (-42)/(((-48)/(-20))/(-12)). What is the highest common divisor of 280 and d?
70
Let c = 142 + -115. Suppose 4*o - 2*o = 72. What is the highest common factor of o and c?
9
Suppose u - 390 - 221 = -3*v, -813 = -4*v - 3*u. Let n be (-4 - -2)*v/(-8). What is the greatest common divisor of n and 51?
51
Let h = 277 + -169. Suppose -2*v + 16 = 5*b + 6, 2*v - 10 = b. Suppose 0 = v*a - 3*a - 24. What is the greatest common factor of a and h?
12
Suppose -10 - 165 = -25*n. What is the greatest common divisor of n and 1?
1
Suppose -z + 481 - 46 = 0. Calculate the greatest common divisor of z and 15.
15
Suppose -4*k + 0*g + 84 = -2*g, 0 = -2*k + 5*g + 42. What is the greatest common divisor of 15 and k?
3
Suppose -7*x - 4007 = -5*p, p - x = -0*p + 801. What is the greatest common divisor of 32 and p?
32
Suppose 5*t - 15 = 5. Let s(h) = -33*h - 25*h - 7 + 56*h - 4*h**2 + 3*h**3. Let d be s(3). Calculate the greatest common divisor of d and t.
4
Suppose -5*o = 5*o. Suppose o*i - i - 12 = 0. Let g be 4 + 102 + i/(-3). Calculate the highest common factor of 10 and g.
10
Let d(w) = -w**3 - 6*w**2 + 2. Let h be d(-6). Suppose -4*q + q - 3*p = -9, -h*q + 27 = -5*p. What is the highest common divisor of q and 30?
6
Suppose 5*o + 19 = -z, 0*o = 3*o + 3. Let s be (-33 + -3 + -3)/(2/z). Calculate the greatest common divisor of 39 and s.
39
Suppose -2*g + 103 = -5*m, 0*g - 2*g + 2*m = -94. Calculate the greatest common factor of 748 and g.
44
Let k = 11 + -13. Let t be (3 + 2 - k)*4. Suppose 4*o + 596 = 3*i, -5*i + 984 = -o - o. Calculate the highest common factor of t and i.
28
Let m be 58949/138 + -22 - 1/6. What is the highest common divisor of m and 10?
5
Let c(l) = -l**2 - 7*l - 7. Let j be c(-8). Let t = 7 - j. Let q be 178/8 + 2/(-8). Calculate the highest common divisor of q and t.
22
Suppose i - 5 = 6*i. Let s be ((0 + 2)*i)/(-1). What is the highest common factor of 14 and s?
2
Let h be 26/7 + (-24)/(-84). What is the highest common divisor of h and 32?
4
Let v be -4 - (174/(-6) - (-4)/(-1)). What is the greatest common divisor of v and 464?
29
Let w = 181 + 155. Calculate the greatest common divisor of w and 126.
42
Suppose 350*j - 361*j = -77. Calculate the highest common divisor of 497 and j.
7
Let i(m) = 4*m - 1. Let w(a) = -a. Let b(g) = 4*i(g) + 20*w(g). Let t be b(-2). Let u = t + -1. Calculate the highest common divisor of u and 3.
3
Suppose 32*v - 686 - 146 = 0. What is the highest common divisor of 10 and v?
2
Suppose -3*l + 81 - 24 = 0. Let y be (-2)/(-11) - 11/(363/(-2502)). Calculate the highest common factor of y and l.
19
Let x = -621 + 1146. Calculate the highest common factor of x and 5.
5
Let u(x) = -2*x - 5. Let v(p) = -5*p - 16. Let z(s) = -8*u(s) + 3*v(s). Let w be z(7). Let f be 5/1 - (w + 1). Calculate the highest common factor of 35 and f.
5
Suppose 214 + 38 = b + 2*d, 0 = 5*d. Calculate the greatest common divisor of b and 27.
9
Suppose a = -z - 0*z - 152, -2*z + 288 = -2*a. Let m = 94 + a. Let i be (-166)/(-18) - (-12)/m. What is the greatest common divisor of i and 72?
9
Suppose 2*j - 8 = -4. Suppose 3*l = -f + 8*l + 17, 0 = -f + j*l + 8. Let r = f - -2. Calculate the highest common divisor of r and 16.
4
Let f = -1092 - -1272. What is the greatest common divisor of 10 and f?
10
Let q = 1 - 1. Let b be -6 - (1/2)/((-4)/24). Let d be 43 + (q - b) + -2. Calculate the greatest common factor of d and 4.
4
Let a = 21 + -24. Let v be 12/(-4) - (-1 - a)*-68. Calculate the greatest common divisor of v and 19.
19
Let u(t) = 5*t - 73. Let i be u(24). Calculate the greatest common divisor of 47 and i.
47
Suppose 0 = -3*b + 3*w, 0*b - 5*b = 2*w - 28. What is the highest common divisor of b and 6?
2
Let i = 674 + -333. Calculate the highest common divisor of 31 and i.
31
Let k = 10 - -2. Suppose -3*w + 6*w - k = 0. Suppose -5*a + 16 = -s, -2*s + 4 = -a - 0. Calculate the greatest common factor of w and a.
4
Suppose -5*p = 2*t - 430, -t = p - 62 - 27. What is the highest common factor of p and 28?
28
Let f be (-2 - -4)/((-7)/(-14)). Suppose f*z = 77 - 17. What is the greatest common factor of z and 75?
15
Suppose 158 = 4*m - 2*a, 0 = -4*m + 2*a - 7*a + 123. Suppose m*o - 152 = 29*o. Let f be (-18 + -1)*(-10)/2. What is the greatest common divisor of f and o?
19
Let j = -19 - -53. Let l be 3*(-2)/(-6) + 3. Suppose 3*q - l*q = -306. Calculate the greatest common divisor of q and j.
34
Let q(j) = 10*j**3. Let l be q(1). Let g = l + -7. Suppose g*d + 2*d = 120. Calculate the highest common divisor of 8 and d.
8
Let j = 153 + -110. What is the greatest common divisor of 473 and j?
43
Let w be (-4)/14 + (-2)/(-7). Let v be 9/(w/(-2) + 1). Suppose 3*d + 3*o = 18, o = -6*d + 16 - 5. Calculate the greatest common factor of d and v.
1
Suppose -2*q - 13 = c - 0*q, -3*c - 24 = q. Let p = 183 + -141. Let s be (-2)/c - (-408)/p. Calculate the highest common factor of 20 and s.
10
Suppose 28*x - 11*x - 22950 = 0. What is the highest common divisor of x and 15?
15
Let x = -41 + 77. Suppose 21*a - 28*a = -420. Calculate the highest common factor of a and x.
12
Let w(d) = -d**3 + 4*d**2 - 1. Let s(g) = g**3 + g**2 - g + 3. Let n be s(0). Let h be w(n). What is the highest common factor of 8 and h?
8
Suppose -110 = -2*i - 8*i. What is the greatest common factor of 88 and i?
11
Let u be 141/11 - (-48)/264. Suppose 14 - 2 = 3*r. Suppose -r*x - 185 = -653. Calculate the highest common divisor of u and x.
13
Let l(x) = x**2 - 22*x + 87. Let j be l(17). Calculate the greatest common factor of 62 and j.
2
Let b be 6 + (-4 - -136) + 9. What is the greatest common divisor of b and 98?
49
Suppose 0 = -0*y - y + 116. Suppose -111 = -5*r + 34. Calculate the highest common divisor of y and r.
29
Suppose -2178*p + 4956 = -2172*p. Calculate the highest common factor of 7 and p.
7
Let s = 363 + -335. Calculate the highest common divisor of 6 and s.
2
Suppose 6*m = 5*j + 4*m - 95, 3*j = -3*m + 78. What is the highest common divisor of j and 840?
21
Let s(w) = -44*w + 7 - 9 + 47*w + 19. Let x be s(-5). Calculate the highest common divisor of x and 4.
2
Let f(z) = z**3 - 18*z**2 + 16*z + 22. Let j be f(17). What is the greatest common divisor of 45 and j?
5
Let p be 0/1 + (-7)/(-1). Suppose p = -3*v + 16. Suppose -5*h + c + 2*c + 170 = 0, 0 = -v*c. Calculate the highest common divisor of h and 51.
17
Let z = 35 + -29. Let k be (z/4)/(39/6 - 6). What is the highest common factor of k and 33?
3
Let c = 394 + -356. Calculate the greatest common divisor of 475 and c.
19
Suppose -98 = -5*s + 22. Let y = 384 - 368. What is the greatest common divisor of s and y?
8
Suppose -5*y - 103 = -4*i, -7*i = -3*i + 2*y - 110. Suppose 0 = -5*c + 20, 5*k - 23 - i = -5*c. Calculate the greatest common factor of k and 42.
6
Let m = 143 - 130. What is the highest common divisor of m and 169?
13
Let